 = 39 + 13. What is the remainder when 51 is divided by f?
12
Let b(p) = -7 + 13*p + 1 - 3*p. Calculate the remainder when 46 is divided by b(3).
22
Let j(t) = 0 - 4*t + 4*t**2 + 2*t - 1. Let l be j(-1). What is the remainder when 2 is divided by (4/5)/(2/l)?
0
Suppose 0*r = -4*r + 92. What is the remainder when r is divided by 8?
7
Let z = -18 - -65. Suppose 0 = -5*h + 8 + z. Let m(t) = -t**3 - 7*t**2 - 8*t - 14. What is the remainder when m(-7) is divided by h?
9
Let t = -91 - -152. What is the remainder when t is divided by 21?
19
Let k(n) = -3*n + 4. Suppose 0*c = -c + 29. Suppose 5*b - 6 - c = 0. What is the remainder when k(-5) is divided by b?
5
Suppose 0*l = l - 23. What is the remainder when l is divided by 8?
7
Suppose -4*f + 36 = -16. What is the remainder when 51 is divided by f?
12
Suppose 62 - 306 = -4*a. What is the remainder when a is divided by 21?
19
Suppose j - 14 = -0*j - 3*s, -1 = -s. Let z(n) = -10*n - 10. What is the remainder when z(-3) is divided by j?
9
Let f(u) = 4*u - 6. Let g be f(4). Let k = 8 + g. Calculate the remainder when 33 is divided by k.
15
What is the remainder when 113 is divided by 115/4 - 2/(-8)?
26
Suppose -36 = -2*a + 8. Calculate the remainder when ((-84)/(-2))/(4/(3 - -1)) is divided by a.
20
Let s = 179 - 120. Suppose 0 = -j - 12. Let d = 8 - j. Calculate the remainder when s is divided by d.
19
Suppose 5*f + 3*g = 165, -f + g + 0*g + 33 = 0. Calculate the remainder when f is divided by 10.
3
Suppose q + 2*w = 6, -w + 21 + 45 = 5*q. Calculate the remainder when 52 is divided by q.
10
Let j(m) = m**3 + 11*m**2 + 13*m - 8. What is the remainder when j(-8) is divided by 9?
8
Suppose -255 = -2*q - 5*k, -2*q - 3*k - 653 = -7*q. Calculate the remainder when q is divided by 34.
28
Let c(o) = -o - 3. Let n be c(-4). Let b = n + 4. Suppose -i = -3*j - 41, 2*i - 245 = -3*i + b*j. What is the remainder when i is divided by 14?
11
Let x(i) = 2*i - 1. Let v(f) = 6*f - 2. Let c(h) = 3*v(h) - 8*x(h). Suppose 2*t - 30 = -t. What is the remainder when c(t) is divided by 8?
6
Suppose k = 5*a - 3*a + 27, 5*k + 3*a = 187. Calculate the remainder when k is divided by 18.
17
Suppose -23 + 5 = -3*c. Let q = 618 - 589. Calculate the remainder when q is divided by c.
5
Let w be (-104)/(-28) - (-2)/7. Suppose 107 = 5*b - w*y, -3*b - 10 + 83 = 2*y. Let z = 40 - b. Calculate the remainder when z is divided by 10.
7
Let y(f) = -f**3 + 3*f**2 + 4*f - 3. Let k be y(3). Calculate the remainder when 37 is divided by (-78)/k*(-6)/4.
11
Let g(j) = j**3 + j**2 + j - 2. Suppose 0*l - 3*l + 30 = 0. Suppose 0*c + 2*c - 5*z = -1, c + z - l = 0. Calculate the remainder when g(2) is divided by c.
5
Suppose 72 = 2*n - 2*d - 0*d, -3*n = 3*d - 78. Suppose -25*k = -24*k - 60. Calculate the remainder when k is divided by n.
29
Suppose 0 = -4*h + 4*g + 224, -3*g + 304 = 3*h + 2*h. What is the remainder when h is divided by 15?
14
Suppose -2*i = y - 0 - 4, -2*i + 4 = 3*y. Calculate the remainder when 22 is divided by ((-7)/21)/(i/(-48)).
6
Let a(r) = -16*r - 1. Suppose 0 = -3*j - 3, -g + 6*g - 6 = -4*j. Let p = 1 - g. What is the remainder when a(p) is divided by 8?
7
Let b(c) = c**2 + c - 6. Let v be b(0). Let i = 27 + v. What is the remainder when 60 is divided by i?
18
Let a(l) = -l**2 - 5*l + 3. Let b be a(-5). Suppose 3*y = 3*z - 60, b*z - 75 = -z - y. What is the remainder when z is divided by 11?
8
Let f be 9982/70 - 2/(-5). Suppose -f - 45 = -4*g. Suppose -4*i + 50 = -3*u + u, 4*i - 5*u = 53. What is the remainder when g is divided by i?
11
Let z = 12 + -7. Suppose -z = -s - 4*s. What is the remainder when 2 is divided by s?
0
Let w(r) = -9*r - 4. Let c be -1 + (7 - 1) + 0. What is the remainder when w(-6) is divided by (-3 + c)*(-34)/(-4)?
16
Suppose 12 = -8*y + 11*y. Calculate the remainder when 12 is divided by y.
0
Suppose 10*l - 110 = 5*l. Suppose -3*s = 5*j - 0*s - l, -4*s = -16. Calculate the remainder when 6 is divided by j.
0
Suppose -99 - 51 = -10*l. Let x be (-26)/(-8) + (-3)/12. Suppose -x*d = -33 - 51. What is the remainder when d is divided by l?
13
Let c(m) = m**2 - m - 5. What is the remainder when 74 is divided by c(-5)?
24
Suppose -2*i + 6 = 2*w + 2*w, -4*i - 12 = 0. Suppose 0 = -b - 5*g + 29, 4*b - 4*g + 6 - 2 = 0. Calculate the remainder when w/((b/(-2))/(-18)) is divided by 14.
13
Let c be 0/(1/(-1) - 0). Suppose 0*n - 5*n + 3*h + 50 = c, 8 = n - h. Calculate the remainder when (-108)/(-18)*19/3 is divided by n.
12
Let f = -177 - -301. What is the remainder when f is divided by 18?
16
Let x(a) = a**3 + 16*a**2 + 11*a - 21. Calculate the remainder when x(-15) is divided by 21.
18
Let q = -13 - -24. Suppose -2*u = -8 + 2. Suppose -2*t = -u*t + q. Calculate the remainder when t is divided by 6.
5
What is the remainder when 67 is divided by (12 - 2) + -3 + 4 - -3?
11
Let k = -16 + 30. Suppose -2*u + 4*u + 132 = 5*w, 2*u = -2. Calculate the remainder when w is divided by k.
12
What is the remainder when 63 is divided by (4/(-12) + 0/2)*-99?
30
Suppose 17*f = 28*f - 1650. What is the remainder when f is divided by 19?
17
Suppose t - 9 = 5*y, 0*t - 5*y + 18 = 2*t. Calculate the remainder when 30 is divided by t.
3
Suppose 5*q + 35 - 170 = 0. What is the remainder when q is divided by 15?
12
Suppose 0 = 5*h - 4*h - 2. Let c(s) = 5 - 2*s - 3 + 4*s + 3*s. What is the remainder when 23 is divided by c(h)?
11
Let u = -16 + 23. Let s = 11 + u. What is the remainder when 71 is divided by s?
17
Let k(x) = -x + 7. Let p be (-258)/(-4) - 3/2. Calculate the remainder when k(0) is divided by p/27 - 4/(-6).
1
Suppose -343 = -4*n - 5*r, -2*n - 4*r + 173 = -r. Let u = n + -47. What is the remainder when u is divided by 9?
8
Let n = 15 - 4. Let w(r) = -r + 1. Let j(q) = -4*q**2 + 2*q + 5. Let t(l) = -j(l) + 2*w(l). Calculate the remainder when t(-2) is divided by n.
10
What is the remainder when 1146/10 - (-2)/5 is divided by 29?
28
Suppose 5*a + d - 156 = 0, 5*a - 79 = -4*d + 65. What is the remainder when a is divided by 17?
15
Let j(n) = -n - 3. Let g be j(-3). Suppose g = z - 7. Let m = -113 + 117. Calculate the remainder when z is divided by m.
3
Let f(a) = a**2 - 3*a + 27. What is the remainder when f(0) is divided by 6?
3
Let y be ((-1)/1)/((-3)/6). Suppose -y*n - 25 = -5*p, 14 - 39 = -5*p - 4*n. Calculate the remainder when 13 is divided by p.
3
Suppose 6*b = 3*b - 12. Calculate the remainder when (-644)/(-18) + b/(-18) is divided by 13.
10
Suppose -i = 3*f + 3*i - 130, 2*f - 4*i = 60. Let b = -37 - -41. Suppose -2*m = -b*m + 20. What is the remainder when f is divided by m?
8
Let q(n) = -n**3 + 7*n**2 + 8*n - 3. Let y be q(8). Let d(h) = -h**3 - h**2 + h - 1. What is the remainder when 25 is divided by d(y)?
11
Suppose -5*z = -9 - 1. Suppose 0 = 3*x + z*r - 25, 3*x - r - 8 = 11. What is the remainder when x is divided by (-2)/(6/(-3))*3?
1
Let m = 11 - 19. Suppose 3*p - 4 = 2*z, -2*p - 3*z + 16 = -p. What is the remainder when 2/m - 100/(-16) is divided by p?
2
Suppose 35 = -12*d + 17*d. Let r = 39 + -27. What is the remainder when r is divided by d?
5
Calculate the remainder when ((-696)/16)/(6/(-8)) is divided by 15.
13
Let b(f) = f**2 + 4*f. Let t be b(-4). What is the remainder when 12 + -2 + (0 - t) is divided by 6?
4
Suppose -4*y - 137 = 5*n, 0 = 2*y + 2*y - 3*n + 129. Let a = y - -55. What is the remainder when a is divided by 6?
4
Let p(v) = -v**2 + 9*v + 3. Suppose 2*s = 29 + 13. Calculate the remainder when s is divided by p(8).
10
Calculate the remainder when (18/(-27))/((-2)/243) is divided by 28.
25
Let k be ((-164)/8)/((-1)/(-2)). Let f = k + 58. Let d = 29 - f. Calculate the remainder when 34 is divided by d.
10
Let r be (12/5)/(4/10). Let x = r - -10. What is the remainder when 31 is divided by x?
15
Let b(i) = i**2 + 6*i - 12. Let n be (-2)/(-6) - (-168)/(-18). Calculate the remainder when 59 is divided by b(n).
14
Suppose -c + 5*z + 72 = 2*z, -3*z = 5*c - 288. Calculate the remainder when c is divided by 21.
18
Suppose -6*w = -114 - 12. Suppose -z + 67 - 5 = 0. Calculate the remainder when z is divided by w.
20
Suppose 3*l + 0*l = 0. Suppose 3*j - w + 9 - 56 = 0, l = 2*j - 4*w - 28. What is the remainder when (0 + -2)/((-3)/69) is divided by j?
14
Let j be 1 - (2 - 6*1). Suppose 2*z + 72 = 5*z. Suppose q + 